- 10) + -1*3. Let d(k) = 5*k + 37. Let h be d(l). Calculate c(h).
4
Let y(j) = -41 - 72721*j + 2*j**2 + 36367*j + 36363*j. What is y(-7)?
-6
Let k(r) = -9*r + 1. Let o(g) = -3*g + 8. Suppose 2*q - 17 = 17. Let p be o(q). Let j = 44 + p. Determine k(j).
-8
Let h(n) = 9*n**2 + 9 + 10*n + n**2 + 3*n**3 - 8*n**2 - 4*n**3. Give h(4).
17
Suppose -2*b - 4 = 4*p + 2*b, 0 = -5*p - 2*b + 4. Let m(j) = -37 - 4*j**p + 68 - 2*j - j**3 - 36. Determine m(-4).
3
Let a(s) = -3*s - 3. Let k = 123 - 57. Let n(p) = -12 - 5*p**3 + k*p**2 + 4*p**3 + 2*p - 58*p**2. Let u be n(8). Give a(u).
-15
Let g be (-800)/(-44) + 1*(-6)/33. Suppose -g*p + 14*p = 24. Let b(i) = -i**3 - 3*i + 6*i**2 + 8 + 2*i**3 + 5*i. Determine b(p).
-4
Let r(f) = -13*f**3 - 11*f**2 - f + 3. Let a(z) = 10*z**3 + 10*z**2 - 3. Let g(p) = -4*a(p) - 3*r(p). Calculate g(-6).
-51
Let a(p) be the first derivative of 6*p**2 + 5*p - 584. Give a(-5).
-55
Let i(b) = -b**2 + b + 2. Let l be i(0). Let n(z) = -10 + z**2 + z**l + 2*z + 7 - 6*z**3 + 5*z**3. Determine n(3).
-6
Let j(z) = z**3 - 15*z**2 - 4*z + 60. Suppose 2*g - 16 = 0, 1030*d - 1027*d - 85 = -5*g. Calculate j(d).
0
Let w(u) = 13*u**2 - 131*u + 39. Let z(k) = 3*k**2 - 31*k + 10. Let t(n) = 2*w(n) - 9*z(n). Let p(s) = -s**3 + 19*s**2 + 21*s - 4. Let b be p(20). What is t(b)?
4
Let o(m) be the first derivative of m**3/3 - 2*m**2 - 11*m - 5308. Let g be 3/(-7) - (-219)/21. Calculate o(g).
49
Let p(h) = 35*h**3 + h**2 + 16*h - 25. Let m(z) = 73*z**3 + 3*z**2 + 33*z - 53. Let s(d) = 12*m(d) - 25*p(d). Calculate s(-12).
-107
Let f(k) = -k + 1. Let z(i) = -i + 4. Let v(x) = -f(x) - z(x). Let m(w) = w**2 - 5. Suppose 9*n - 3 = 10*n. Let o be m(n). What is v(o)?
3
Let k(o) = 11*o**2 + 15*o + 29. Let f(a) = -2*a**2 - 2*a - 4. Let v(i) = -5*f(i) - k(i). Calculate v(-4).
-5
Let x(g) = 3*g + 2. Suppose 10*f + 17 = 11*f + 2*l, -4*f + l + 68 = 0. Suppose 5*n = 42 - f. Determine x(n).
17
Let v(w) = w**2 - 5*w + 20. Suppose 76*u + 10 - 22 = 74*u. Give v(u).
26
Let a(x) = -20*x - 9 + 50*x + 9. Give a(1).
30
Suppose -90 = -4*y + 85 - 151. Let o(p) be the third derivative of -1/12*p**5 + 0*p**3 + 32*p**2 - 1/120*p**y + 0 - 1/6*p**4 - p. Give o(-3).
-6
Let d(z) = -9*z - 1. Let v(b) = 22*b + 2. Let j(q) = 12*d(q) + 5*v(q). Suppose -5*a + 12 = 3*o, -7*o + 12 = -4*o + a. What is j(o)?
6
Let i = -1287 - -1294. Let v(a) = -a**2 + 3*a + 33. Calculate v(i).
5
Let r(n) = 2*n + 43. Let l be r(-20). Let u be (-51)/(-6) - l/(-6). Let s(w) = -u + 0 + 6 + 2 + 5*w. Calculate s(4).
19
Suppose 0 = -2*n - 3*n - 4*b - 12, -2*n - 6 = b. Let v(g) = -9*g**2 + 2*g - 4. Let r(z) = -10*z**2 + 2*z - 3. Let q(f) = n*v(f) + 5*r(f). What is q(-1)?
-15
Let s(d) be the second derivative of d**4/6 - 5*d**3/6 - 7*d**2/2 - 3*d - 2. Suppose -3 = 3*m + f - 11, 0 = -2*m - 4*f + 2. Calculate s(m).
-4
Let m(u) = u**2 - 7*u + 3. Suppose -3*z + 968 = 953, -r - 5*z = -26. Calculate m(r).
-3
Suppose -n + 4*j - 10 = 0, 2*j = n + 2*n. Let g be (-1*(n - 1))/(14/(-42)). Let q(w) = -31*w + 37*w + 4 - g + w**2. Determine q(-4).
-7
Let b = -163 + 156. Let p = -2 + -4. Let w(a) = -a. Let o(f) = -7*f - 6. Let m(d) = p*w(d) + o(d). What is m(b)?
1
Let w(q) be the third derivative of -q**4/12 + 5*q**3/6 + q**2. Let d = -88807 + 88813. Calculate w(d).
-7
Let s(c) = -102 + 119 - 277*c + 278*c. Determine s(-7).
10
Let y = -74 + 80. Let r = -5 + y. Let d(p) = -1 + 5*p - 2*p + 0. Give d(r).
2
Let z(t) = -4*t**3 + 2*t**2 + 3*t - 1. Let p(f) = 2112*f**2 - 2111*f**2 + 5*f - 1 - 2*f**3 - 3*f**3. Let b(v) = 3*p(v) - 4*z(v). Give b(3).
-8
Suppose -7*j + 2*j = 30. Let z(a) be the second derivative of -5/6*a**3 + 4*a + 4*a**2 - 1/20*a**5 + 0 - 7/12*a**4. What is z(j)?
2
Let z = 2/1233 + 403/4932. Let b(m) be the third derivative of -1/6*m**4 + 18*m**2 + 0*m - 1/6*m**3 + 0 - z*m**5 + 1/120*m**6. Determine b(6).
11
Let i be (2 - 2/(-5))*(-26 + 31). Let m(s) = -3*s - 24. Determine m(i).
-60
Let n = -11 - -8. Let w(j) be the second derivative of -j**5/20 - j**4/6 + j**3/3 + 2*j**2 - 74*j - 20. Give w(n).
7
Let z(b) be the third derivative of 7*b**4/6 - 107*b**3/3 - 2*b**2 - 2020*b. Calculate z(8).
10
Let t(m) = 6. Let w(k) = -22 + 78 - 15 - 28 - k. Let u(h) = 14*t(h) - 6*w(h). Let y(r) = -5*r - 7. Let i(v) = 3*u(v) + 4*y(v). Determine i(-7).
4
Let a(r) be the third derivative of r**6/120 + r**5/4 - 17*r**4/24 - 7*r**3/2 - 8562*r**2. Calculate a(-16).
-5
Let w(h) be the second derivative of h**4/8 + 17*h**3/3 - 69*h**2 - h + 32. Let x(m) be the first derivative of w(m). Calculate x(-13).
-5
Let p(l) be the first derivative of l**4/4 + 8*l**3/3 + 6*l**2 + l - 1382. Calculate p(-5).
16
Let z(u) = -6*u**2 + 10*u + 31. Let i(n) = 7*n**2 - n - 32. Let q(o) = -2*i(o) - 3*z(o). Calculate q(8).
3
Let w(n) = -13*n**2 - 29*n + 1. Let g(j) = 3*j**2 + 7*j. Let c(i) = 9*g(i) + 2*w(i). Let x = 61207 + -61211. Calculate c(x).
-2
Let l(b) = b**3 - 12*b**2 - 7*b + 21. Let z = -11124 - -11137. Determine l(z).
99
Let k(d) be the second derivative of -3/2*d**3 + 0 - 1/12*d**4 + 20*d - 3*d**2. Suppose 3*c + 4*b = -24 - 3, c = -3*b - 9. What is k(c)?
-6
Let d(q) = -3*q**2 + 7*q + 6. Let l = -126 - -121. Let m(p) = -p**2 + 4*p + 3. Let x(t) = l*m(t) + 2*d(t). Calculate x(-5).
2
Let b be (45/(-12))/((-110)/528). Let n be 2/b + (-182)/(-63). Let g(h) = h - 9. Determine g(n).
-6
Suppose 39 - 209 = 34*f. Let o(n) = n**3 - 11*n**2 + n - 8. Let q be o(11). Let j(z) = -z + 2 + q*z - 3*z + 5. Determine j(f).
12
Let k(d) = 6*d + 77. Let r(h) = -11*h - 181. Let n(x) = -7*k(x) - 3*r(x). Give n(-7).
67
Let g(w) be the first derivative of w**4/4 - w**3 - 8*w**2 - 3*w + 4921. Calculate g(7).
81
Let o(b) = b**2 - 4*b + 4. Let m be (0 - 0)/(36/(-18)). Suppose i + a - 4 = m, 0 = 7*i - 10*i + 3*a. Give o(i).
0
Let s(l) = 33*l + 2680. Let r be s(-81). Let o(p) = -p**3 + 8*p**2 - 12*p + 19. What is o(r)?
-16
Let b(x) = -x**3 + 3*x**2 + x - 2. Let r be -2 + ((-40)/(-9) - (-252)/(-567)). What is b(r)?
4
Let o(b) be the first derivative of b**3 - 22*b**2 + 16*b + 1849. What is o(14)?
-12
Let i(w) = w**3 + 10*w**2 + 8*w - 7. Let z be i(-9). Let g be 220/5 + -6 + z. Suppose 8*r = -0*r + g. Let j(o) = o - 2. Determine j(r).
3
Let m(t) = 2*t - 3. Let i be (10 + -12)/((-3)/9*2). Suppose i*l = -11*l - 14. Give m(l).
-5
Let p(a) be the first derivative of -2*a**3/3 + 35*a**2/2 - 63*a + 4350. Determine p(16).
-15
Let z(g) be the first derivative of 1/3*g**3 + 129 - 1/2*g**2 - 12*g. Calculate z(-4).
8
Let q(m) = -4*m - 1. Suppose 37*u - 38 - 15 = 21. Give q(u).
-9
Let d(k) = -108*k - 311. Let f(r) = 95*r + 310. Let j(x) = -6*d(x) - 7*f(x). Calculate j(-18).
2
Suppose -15*b + 762 - 822 = 0. Let c(z) = -2*z**3 - 6*z**2 - 4*z - 9. Calculate c(b).
39
Let z(h) = -41*h - 4. Let t = -2956 - -2954. Calculate z(t).
78
Suppose -2 = 3*m - 5*m, 2*j - 3*m = 17. Let c(r) = 14 + j - 8*r + 7 + r**2 - 28. What is c(6)?
-9
Let x(k) = -5*k + 4*k + 2*k + k. Suppose -u - 4*t + 26 = 0, -55 = 14*u - 19*u - 5*t. Give x(u).
12
Let m be 18/((-54)/(-9)) + -10. Let u(t) = -6*t - 15. Let i(l) = l. Let b(g) = -3*i(g) - u(g). Give b(m).
-6
Let o = -2 - -3. Let w(a) = -14*a**3 - a**2 + a - 1. Let j(n) = -72*n**3 - 5*n**2 + 5*n - 4. Let u(s) = -j(s) + 5*w(s). Determine u(o).
1
Let w(a) = 12*a. Suppose -4*f + 4*s = 4, -128*f = -127*f - 2*s + 3. What is w(f)?
12
Suppose o + o - 6 = 0. Let x(m) be the second derivative of -5/6*m**3 + 1/12*m**4 + 3/2*m**2 + 0 - 11*m. What is x(o)?
-3
Let j(x) = 49*x**2 - 8771*x + 23. Let k be j(179). Let l(n) = n**3 - 23*n**2 + 2*n - 38. Determine l(k).
8
Let l = -6 + 11. Let a = -228 - -260. Let n(y) = a - y + 5*y - y - 37. Give n(l).
10
Let m be 3/((-75)/20) - (-12)/15. Let l(c) = -2*c + 7. Give l(m).
7
Let h = -9 + 10. Let u(f) be the second derivative of f**6/24 - f**4/24 + f**3/6 - 17*f**2/2 + 4*f. Let o(a) be the first derivative of u(a). Determine o(h).
5
Let h = -15931 - -15943. Let w(r) = r - 16. Calculate w(h).
-4
Suppose -5*d - x = -4*x - 10, -d + 2 = -4*x. Let f(t) = 2*t**2 - 3*t**2 + 2 + t**2 - 3*t + t**d. Let n = 32 - 28. Determine f(n).
6
Suppose -g + 27*q - 5 = 24*q, -4*q = -8. Let j(m) = 10*m + 1. Calculate j(g).
11
Let j(u) = -6 - 3 - 6 + 20 - 4. Let p(o) = o**2 - 12*o - 23. Let y(q) = 4*j(q) + p(q). Give y(13).
-6
Suppose -319*w - 70 = -333*w. Let l(t) = -t**3 + 8*t**2 